mmon factor of c and b.
8
Let s(v) = -7*v**3 + 5*v**2 - 10*v - 25. Let j be s(-2). What is the highest common divisor of 497 and j?
71
Suppose 1760 = -3*b + 35*b. Calculate the greatest common divisor of 20 and b.
5
Suppose 3*s - 2*p + 6 = -6*p, 22 = 5*s - 4*p. Suppose -2*x - 24 = s*x. Let f be (1 - 344/x)*3. What is the greatest common factor of 25 and f?
25
Let t be (-5719)/(-19) + (6 - 3) + 0. Calculate the greatest common factor of 48 and t.
16
Suppose -29 = -4*i + 275. Let u = 106 - i. What is the highest common factor of u and 20?
10
Let p = -1054 + 1093. What is the greatest common divisor of 3237 and p?
39
Suppose 0 = 7*l - 339 + 129. What is the greatest common divisor of 195 and l?
15
Let z be 1/3 - (-6888)/(-36). Let x = -113 - z. Suppose -4*l - 3*f + 88 = -31, 4*l + 5*f - 129 = 0. Calculate the greatest common factor of x and l.
26
Let s(t) = t**2 - 15*t - 1. Let f be s(-14). Calculate the greatest common divisor of 15 and f.
15
Suppose 2*s = -s + 3*a + 54, 3*a = -9. Calculate the highest common divisor of s and 915.
15
Let w = -14 - -10. Let l be (1 + -3)/w*-18. Let k(x) = x + 11. Let u be k(l). Calculate the greatest common divisor of u and 1.
1
Let o be (((-1)/(-3))/(-1))/(9/621). Let m = 42 - 61. Let d = m - o. What is the greatest common divisor of 6 and d?
2
Suppose 3*u = 3*m - 2*u - 98, u + 30 = m. Suppose 0 = -18*k + 23*k - 65. Calculate the highest common factor of m and k.
13
Suppose 0 = -33*s + 37*s - 32. Suppose -9*x + s*x = -1. Let d be (1 + 2)*(-1)/(-3). What is the greatest common divisor of x and d?
1
Suppose 3*x - 263 = -114*r + 110*r, -5*x - 151 = -2*r. Calculate the highest common divisor of 646 and r.
34
Suppose 0 = -5*b + 6 + 39. Suppose -b*r - 2*r + 462 = 0. Calculate the highest common divisor of r and 14.
14
Let t = 9 + 1. Let h(l) = -t*l - 6 - 3 + 1 - l**2 - 7. Let q be h(-6). Calculate the greatest common factor of 18 and q.
9
Let q = -381 + 395. Let a(n) = n**2 + n + 1. Let i be a(4). What is the greatest common factor of i and q?
7
Let u(n) = n + 2. Let r be u(-5). Let o be r/(2 - 515/255). Calculate the highest common factor of 17 and o.
17
Let t(u) = -9*u - 1. Let p be t(1). Let j(k) = -k**3 - 8*k**2 + 7*k - 2. Let g be j(p). What is the highest common factor of g and 16?
16
Let k(m) = -m**3 - 4*m**2 - 43*m - 230. Let z be k(-6). Calculate the highest common divisor of 4 and z.
4
Suppose 5*r - 370 = -s, -r + 4*s = -69 - 5. Calculate the greatest common divisor of 2294 and r.
74
Let u = -105 + 99. Let m(r) = -3*r + 14. Let j be m(u). What is the highest common divisor of j and 12?
4
Suppose 0 = -3*s + 4*s - 5. Suppose 0*z + 3*z + 3*c = 360, -25 = s*c. Calculate the greatest common divisor of 25 and z.
25
Suppose 150*m + 300 = 165*m. Let i(j) = -j**2 + j - 201. Let x be i(0). Let y = -21 - x. What is the highest common divisor of y and m?
20
Let m be (-38)/(-14) - (-2)/7. Let y(v) = 0*v - 6*v**2 + v**2 + v**m - 2*v - 1 + 7*v. Let b be y(4). What is the highest common divisor of 18 and b?
3
Let q = 67 - -34. Calculate the highest common divisor of q and 202.
101
Suppose -g - 4*z = -19, 0 = -z - z - 8. Suppose 0 = -o + 15 - 11. Suppose -o = -c + 1. What is the highest common divisor of g and c?
5
Let b(a) = -a**3 - 21*a**2 - 12*a + 26. Let l be b(-22). What is the greatest common factor of l and 18?
18
Suppose -2*d - 13*d + 480 = 0. Let i be ((-2)/3)/(1/3). Let n = i - -10. Calculate the greatest common factor of n and d.
8
Let x = 4 + -3. Let r(o) = 24*o**3 + 5*o**2 + o - 6*o**2 + 0*o**2. Let v be r(x). What is the highest common divisor of 36 and v?
12
Suppose -3*z - k + 387 = -307, 698 = 3*z + 5*k. Calculate the highest common divisor of z and 21.
21
Let z(l) = l**3 + 27*l**2 + 44*l + 25. Let u be z(-25). What is the highest common factor of 35 and u?
35
Let z(v) = 12*v - 2. Let t(y) = y - 1. Let d(o) = -44*t(o) + 4*z(o). Let c be d(-6). Calculate the highest common factor of c and 12.
12
Let u(o) = 4*o**3 - 2*o**2 + 6*o - 9. Let t be u(4). Suppose 5*f = -11 - t. Let q = 70 + f. Calculate the highest common divisor of 10 and q.
10
Let i(p) be the second derivative of p**4/12 + 11*p**3/3 - 30*p**2 - 33*p. Let v be i(-30). Calculate the highest common divisor of 20 and v.
20
Let p(m) = m**3 + 7*m**2 - 10*m - 9. Let y be p(-7). Let v = y - 25. Suppose 0 = -n - n + v. Calculate the highest common divisor of n and 6.
6
Suppose -2*d = 7*d + 144. Let z = d - -23. Calculate the highest common factor of z and 49.
7
Suppose i - 2*h - 23 = -0*i, 0 = -5*i - h + 170. What is the greatest common factor of i and 330?
33
Suppose 4*f - 156 = -5*c + 76, -134 = -3*c - 5*f. Let u = 18 + -4. Suppose s + u = v, -2*s - 30 = -2*v - s. Calculate the highest common factor of v and c.
16
Suppose 2*a - 421 = -4*r - 73, 0 = -3*a - 2*r + 510. Let x(f) = -f**2 + 12*f + 4. Let q be x(10). Calculate the greatest common divisor of q and a.
24
Let b be ((-3)/12)/(2/8). Let z be (b + 9)*(-18)/(-8). What is the highest common factor of 9 and z?
9
Suppose 0 = -4*g + v + 1039, g - 4*v = -4*g + 1296. Calculate the highest common factor of g and 40.
20
Let m(n) = -12*n**3 + 136*n - 139*n + 40*n**3 + 3*n**2. Let c be m(1). Let g = -42 - -84. What is the greatest common divisor of g and c?
14
Suppose -5*d + 4*h + 393 = h, -4*h - 389 = -5*d. Let y = d - 52. What is the greatest common factor of 145 and y?
29
Let g = 9 - 8. Calculate the greatest common divisor of 1 and g.
1
Let o = 54 - 33. Let l be (-1)/(-3)*(o + 3). What is the highest common divisor of l and 88?
8
Suppose -2*d + 47 = -33. Let v be 2148/14 - d/(-70). Calculate the highest common divisor of 14 and v.
14
Let b be -24*2/(-7 - -3). Suppose 2*t + 6 = 4*g, 12*t = -g + 7*t + 18. What is the highest common divisor of b and g?
3
Suppose 2*m = -0 + 98. Let z be (m - 1)*6/4. Suppose -491*r - 80 = -501*r. What is the greatest common divisor of z and r?
8
Suppose 4*g = 0, -g - 122 + 41 = -3*w. Suppose 2*d = -4*v + 324, 0 = -4*v - d + 4*d + 324. Calculate the highest common factor of v and w.
27
Let a(s) = s**2 + 5*s + 2. Let k be a(-5). Let h be (-3260)/(-24) + k/12. Suppose -j = 45 - h. Calculate the greatest common divisor of j and 13.
13
Let c be (3/2)/((-6)/(-164)). What is the greatest common factor of 369 and c?
41
Suppose 2*m - 5*d = 28, 6*d + 8 = 4*d. Suppose 2*c = 4*y + 18, -y + 78 = c + m*c. Calculate the highest common factor of c and 165.
15
Let n(y) = -y**2 + y. Let k be n(3). Let z be (-11 + 7)/(3/k). What is the greatest common factor of z and 24?
8
Let i be 286/9 - (-10)/45. Let o = 50 - i. Let w = 14 + 13. What is the greatest common divisor of w and o?
9
Let o be -2 - ((-2 - -15) + -1). Let r = o - -33. What is the highest common divisor of 152 and r?
19
Suppose -3*x + 1630 = -s, -3*x - 7*s + 10*s + 1626 = 0. Calculate the highest common divisor of x and 128.
32
Let u(t) = 2*t**3 + 6. Let v be u(3). Let w = -2 + 32. Calculate the highest common factor of v and w.
30
Suppose 12*y = 27*y - 630. Calculate the greatest common divisor of 525 and y.
21
Let y = 1055 - -2461. Calculate the highest common divisor of y and 12.
12
Let m be (590/(-15) + 6)/((-8)/12). Calculate the highest common divisor of 325 and m.
25
Suppose 7*a + 16 = -2*d + 3*a, 13 = 4*d - a. Suppose -10 = 2*i + 2. Let n = i + 10. Calculate the highest common factor of n and d.
2
Let x = -22 + 46. Let t(l) = 78*l + 396. Let n be t(-5). What is the highest common factor of x and n?
6
Let b = -25 - -27. Suppose -b*y + 4 = -4. Calculate the highest common factor of 12 and y.
4
Suppose 10*g = 7*g - 54. Let w(p) = -p**3 - 18*p**2 - 2*p - 31. Let u be w(g). What is the highest common divisor of u and 5?
5
Let j(t) = -t**3 + 8*t**2 - 8*t + 10. Suppose 0 = 6*c - 7*c. Suppose c*p = 5*p - 35. Let r be j(p). Calculate the highest common factor of 27 and r.
3
Let u(l) = l - 1. Let w be u(5). Suppose -x - 112 = -5*x + w*b, -52 = -2*x + 4*b. Let n = -11 - -31. Calculate the greatest common factor of n and x.
10
Suppose 5*u - 5*m = -38 + 228, 4*u - 5*m - 155 = 0. Let g = -7 - 3. Let z be 73 + 1 + 40/g. What is the highest common factor of u and z?
35
Suppose -5*v + 324 = 2*x + 96, 2*x - 140 = -3*v. Suppose -16 = 2*p - 6*p. Calculate the highest common factor of p and v.
4
Let y(t) = t**3 - 14*t**2 + 25*t - 11. Let n be y(1